{"id":2304,"date":"2025-09-09T12:52:56","date_gmt":"2025-09-09T12:52:56","guid":{"rendered":"https:\/\/vb-immobilier.ch\/sales\/chatel-saint-denis-1618-attique-goma\/"},"modified":"2026-04-16T20:11:08","modified_gmt":"2026-04-16T20:11:08","slug":"chatel-saint-denis-1618-attique-goma","status":"publish","type":"listing","link":"https:\/\/vb-immobilier.ch\/en\/sales\/chatel-saint-denis-1618-attique-goma\/","title":{"rendered":"Magnifique appartement de 4,5 pi\u00e8ces en attique \u00e0 construire"},"content":{"rendered":"<p><strong>Derni\u00e8re opportunit\u00e9.<\/strong><\/p>\n<p>D\u00e9couvrez ce superbe appartement de 4.5 pi\u00e8ces (lot 3), situ\u00e9 en attique d\u2019un immeuble contemporain de seulement quatre logements, \u00e0 construire.<\/p>\n<p>Le b\u00e2timent, r\u00e9parti sur deux niveaux habitables, offrira un cadre de vie privil\u00e9gi\u00e9, moderne et intimiste.<\/p>\n<h4>Distribution de l\u2019appartement :<\/h4>\n<ul>\n<li>Hall d\u2019entr\u00e9e<\/li>\n<li>Spacieux s\u00e9jour avec coin \u00e0 manger et cuisine ouverte, donnant acc\u00e8s \u00e0 une grande terrasse-balcon d\u2019environ 25 m\u00b2<\/li>\n<li>Deux chambres \u00e0 coucher secondaires<\/li>\n<li>Salle de bains avec WC, lavabo et espace pour colonne de lavage (lave-linge\/s\u00e8che-linge)<\/li>\n<li>Suite parentale avec salle de douche privative (WC, lavabo, douche)<\/li>\n<li>Petite terrasse et jardin privatif accessibles depuis la chambre parentale<\/li>\n<\/ul>\n<p>L\u2019appartement b\u00e9n\u00e9ficie de deux places de parc couvertes, \u00e0 acqu\u00e9rir en sus du prix de vente (CHF 60\u2019000.\u2013).<\/p>\n<p>Le permis de construire \u00e9tant obtenu, le d\u00e9but des travaux est pr\u00e9vu pour le d\u00e9but de l'ann\u00e9e 2026 (selon conditions m\u00e9t\u00e9o).<\/p>\n<p><strong>Situation et commodit\u00e9s :<\/strong><\/p>\n<p>Parfaitement connect\u00e9, Ch\u00e2tel-St-Denis se trouve \u00e0 seulement 15 minutes de Vevey et d\u2019Oron-la-Ville, et \u00e0 20 minutes de Bulle. Une localisation id\u00e9ale pour allier vie au calme et acc\u00e8s rapide aux principaux centres urbains de la r\u00e9gion.<\/p>\n<p>L\u2019entr\u00e9e de l\u2019autoroute A12, situ\u00e9e \u00e0 quelques minutes en voiture, permet un acc\u00e8s rapide vers Fribourg, Berne, Vevey, Lausanne, Gen\u00e8ve, Montreux, Aigle ou encore le Valais. Une situation strat\u00e9gique pour les d\u00e9placements professionnels comme personnels.<\/p>\n<p>C\u00f4t\u00e9 transports publics, Ch\u00e2tel-St-Denis est parfaitement desservie. Un arr\u00eat de bus se trouve \u00e0 proximit\u00e9 et vous permet de rejoindre facilement Vevey et toute la Riviera, ou de circuler dans l\u2019ensemble de la r\u00e9gion de la Veveyse.<\/p>\n<p>La gare de Ch\u00e2tel-St-Denis offre des liaisons directes vers Pal\u00e9zieux et Bulle, o\u00f9 vous pourrez acc\u00e9der \u00e0 un large r\u00e9seau ferroviaire reliant les principales villes suisses.<\/p>\n<p>Les familles trouveront \u00e0 Ch\u00e2tel-St-Denis un cadre de vie id\u00e9al. L\u2019ensemble de la scolarit\u00e9 obligatoire peut \u00eatre suivi sur place. La commune dispose \u00e9galement de structures d\u2019accueil extra-scolaires modernes avec cantine, ainsi que de plusieurs cr\u00e8ches et garderies pour les plus petits.<\/p>\n<p>Pour vos besoins quotidiens, Ch\u00e2tel-St-Denis offre une excellente infrastructure : boulangeries, boucheries, supermarch\u00e9s (Migros, Coop), banques, restaurants et bien d\u2019autres services. Le nouveau centre commercial situ\u00e9 pr\u00e8s de la gare propose une belle diversit\u00e9 de commerces suppl\u00e9mentaires.<\/p>\n<p>Et pour les amateurs de sports d\u2019hiver, les stations familiales des Paccots et de Rathvel sont accessibles en moins de 20 minutes, parfaites pour des journ\u00e9es de glisse ou des escapades nature en toute simplicit\u00e9.<\/p>\n","protected":false},"featured_media":0,"template":"","listing_type":[2],"property_type":[16],"no_of_rooms":[4],"feature":[29,24],"orientation":[],"locality":[91,90],"postcode":[326],"country":[9],"listing_status":[93],"ra_feature":[11],"class_list":["post-2304","listing","type-listing","status-publish","hentry","listing_type-buy","property_type-apartment","no_of_rooms-6-rooms","feature-elevator","feature-view","locality-chatel-saint-denis","locality-fribourg","postcode-326","country-ch","listing_status-reserved","ra_feature-published-on-ra"],"acf":[],"_links":{"self":[{"href":"https:\/\/vb-immobilier.ch\/en\/wp-json\/wp\/v2\/listing\/2304","targetHints":{"allow":["GET"]}}],"collection":[{"href":"https:\/\/vb-immobilier.ch\/en\/wp-json\/wp\/v2\/listing"}],"about":[{"href":"https:\/\/vb-immobilier.ch\/en\/wp-json\/wp\/v2\/types\/listing"}],"wp:attachment":[{"href":"https:\/\/vb-immobilier.ch\/en\/wp-json\/wp\/v2\/media?parent=2304"}],"wp:term":[{"taxonomy":"listing_type","embeddable":true,"href":"https:\/\/vb-immobilier.ch\/en\/wp-json\/wp\/v2\/listing_type?post=2304"},{"taxonomy":"property_type","embeddable":true,"href":"https:\/\/vb-immobilier.ch\/en\/wp-json\/wp\/v2\/property_type?post=2304"},{"taxonomy":"no_of_rooms","embeddable":true,"href":"https:\/\/vb-immobilier.ch\/en\/wp-json\/wp\/v2\/no_of_rooms?post=2304"},{"taxonomy":"feature","embeddable":true,"href":"https:\/\/vb-immobilier.ch\/en\/wp-json\/wp\/v2\/feature?post=2304"},{"taxonomy":"orientation","embeddable":true,"href":"https:\/\/vb-immobilier.ch\/en\/wp-json\/wp\/v2\/orientation?post=2304"},{"taxonomy":"locality","embeddable":true,"href":"https:\/\/vb-immobilier.ch\/en\/wp-json\/wp\/v2\/locality?post=2304"},{"taxonomy":"postcode","embeddable":true,"href":"https:\/\/vb-immobilier.ch\/en\/wp-json\/wp\/v2\/postcode?post=2304"},{"taxonomy":"country","embeddable":true,"href":"https:\/\/vb-immobilier.ch\/en\/wp-json\/wp\/v2\/country?post=2304"},{"taxonomy":"listing_status","embeddable":true,"href":"https:\/\/vb-immobilier.ch\/en\/wp-json\/wp\/v2\/listing_status?post=2304"},{"taxonomy":"ra_feature","embeddable":true,"href":"https:\/\/vb-immobilier.ch\/en\/wp-json\/wp\/v2\/ra_feature?post=2304"}],"curies":[{"name":"wp","href":"https:\/\/api.w.org\/{rel}","templated":true}]}}

Magnifique appartement de 4,5 pièces en attique à construire

<p><strong>Dernière opportunité.</strong></p>
<p>Découvrez ce superbe appartement de 4.5 pièces (lot 3), situé en attique d’un immeuble contemporain de seulement quatre logements, à construire.</p>
<p>Le bâtiment, réparti sur deux niveaux habitables, offrira un cadre de vie privilégié, moderne et intimiste.</p>
<h4>Distribution de l’appartement :</h4>
<ul>
<li>Hall d’entrée</li>
<li>Spacieux séjour avec coin à manger et cuisine ouverte, donnant accès à une grande terrasse-balcon d’environ 25 m²</li>
<li>Deux chambres à coucher secondaires</li>
<li>Salle de bains avec WC, lavabo et espace pour colonne de lavage (lave-linge/sèche-linge)</li>
<li>Suite parentale avec salle de douche privative (WC, lavabo, douche)</li>
<li>Petite terrasse et jardin privatif accessibles depuis la chambre parentale</li>
</ul>
<p>L’appartement bénéficie de deux places de parc couvertes, à acquérir en sus du prix de vente (CHF 60’000.–).</p>
<p>Le permis de construire étant obtenu, le début des travaux est prévu pour le début de l'année 2026 (selon conditions météo).</p>
<p><strong>Situation et commodités :</strong></p>
<p>Parfaitement connecté, Châtel-St-Denis se trouve à seulement 15 minutes de Vevey et d’Oron-la-Ville, et à 20 minutes de Bulle. Une localisation idéale pour allier vie au calme et accès rapide aux principaux centres urbains de la région.</p>
<p>L’entrée de l’autoroute A12, située à quelques minutes en voiture, permet un accès rapide vers Fribourg, Berne, Vevey, Lausanne, Genève, Montreux, Aigle ou encore le Valais. Une situation stratégique pour les déplacements professionnels comme personnels.</p>
<p>Côté transports publics, Châtel-St-Denis est parfaitement desservie. Un arrêt de bus se trouve à proximité et vous permet de rejoindre facilement Vevey et toute la Riviera, ou de circuler dans l’ensemble de la région de la Veveyse.</p>
<p>La gare de Châtel-St-Denis offre des liaisons directes vers Palézieux et Bulle, où vous pourrez accéder à un large réseau ferroviaire reliant les principales villes suisses.</p>
<p>Les familles trouveront à Châtel-St-Denis un cadre de vie idéal. L’ensemble de la scolarité obligatoire peut être suivi sur place. La commune dispose également de structures d’accueil extra-scolaires modernes avec cantine, ainsi que de plusieurs crèches et garderies pour les plus petits.</p>
<p>Pour vos besoins quotidiens, Châtel-St-Denis offre une excellente infrastructure : boulangeries, boucheries, supermarchés (Migros, Coop), banques, restaurants et bien d’autres services. Le nouveau centre commercial situé près de la gare propose une belle diversité de commerces supplémentaires.</p>
<p>Et pour les amateurs de sports d’hiver, les stations familiales des Paccots et de Rathvel sont accessibles en moins de 20 minutes, parfaites pour des journées de glisse ou des escapades nature en toute simplicité.</p>
