{"id":2297,"date":"2025-09-02T14:01:04","date_gmt":"2025-09-02T14:01:04","guid":{"rendered":"https:\/\/vb-immobilier.ch\/sales\/semsales-1623-58wz-epr8\/"},"modified":"2026-04-16T20:11:09","modified_gmt":"2026-04-16T20:11:09","slug":"semsales-1623-58wz-epr8","status":"publish","type":"listing","link":"https:\/\/vb-immobilier.ch\/en\/sales\/semsales-1623-58wz-epr8\/","title":{"rendered":"Immeuble \u00e0 transformer avec permis de construire"},"content":{"rendered":"<p>Cette ancienne et vaste demeure, qui fut jadis une \u00e9cole, offre un charme unique et un fort potentiel.<\/p>\n<p>\u00c9difi\u00e9e sur trois niveaux habitables, elle b\u00e9n\u00e9ficie d\u2019un permis de transformation en 4 appartements, en force et inclus dans le prix de vente.<\/p>\n<p>Les appartements pr\u00e9vus sont un studio, deux logements de 4,5 pi\u00e8ces et un grand loft sous l'imposante toiture.<\/p>\n<p>Le b\u00e2timent est class\u00e9 aux biens culturels (cat\u00e9gorie 2), garantissant la pr\u00e9servation de son authenticit\u00e9 tout en laissant place \u00e0 un projet de valorisation.<\/p>\n<p>Une opportunit\u00e9 rare pour les amateurs de patrimoine ou les investisseurs \u00e0 la recherche d\u2019un projet unique.<\/p>\n<h3>Situation et commodit\u00e9s<\/h3>\n<p>La propri\u00e9t\u00e9 b\u00e9n\u00e9ficie d\u2019une situation pratique :<\/p>\n<ul>\n<li><strong>Acc\u00e8s autoroutiers<\/strong> de Ch\u00e2tel-St-Denis ou Vaulruz \u00e0 env. 7 minutes, reliant ais\u00e9ment Fribourg\/Berne, Vevey\/Lausanne\/Gen\u00e8ve ou Montreux\/Aigle-Valais.<\/li>\n<li><strong>Halte CFF<\/strong> de la ligne Bulle\u2013Ch\u00e2tel-St-Denis\u2013Bossonens\u2013Pal\u00e9zieux \u00e0 proximit\u00e9.<\/li>\n<li><strong>Centre de Semsales<\/strong> tout proche, avec commerces de base, caf\u00e9s-restaurants et administration. Les grands centres commerciaux se trouvent \u00e0 Ch\u00e2tel-St-Denis.<\/li>\n<li><strong>\u00c9coles<\/strong> : classes enfantines et primaires \u00e0 Semsales, puis cycle d\u2019orientation \u00e0 Ch\u00e2tel-St-Denis.<\/li>\n<\/ul>\n","protected":false},"featured_media":0,"template":"","listing_type":[2],"property_type":[3],"no_of_rooms":[4],"feature":[],"orientation":[],"locality":[90,340],"postcode":[341],"country":[9],"listing_status":[10],"ra_feature":[11],"class_list":["post-2297","listing","type-listing","status-publish","hentry","listing_type-buy","property_type-house","no_of_rooms-6-rooms","locality-fribourg","locality-semsales","postcode-341","country-ch","listing_status-available","ra_feature-published-on-ra"],"acf":[],"_links":{"self":[{"href":"https:\/\/vb-immobilier.ch\/en\/wp-json\/wp\/v2\/listing\/2297","targetHints":{"allow":["GET"]}}],"collection":[{"href":"https:\/\/vb-immobilier.ch\/en\/wp-json\/wp\/v2\/listing"}],"about":[{"href":"https:\/\/vb-immobilier.ch\/en\/wp-json\/wp\/v2\/types\/listing"}],"wp:attachment":[{"href":"https:\/\/vb-immobilier.ch\/en\/wp-json\/wp\/v2\/media?parent=2297"}],"wp:term":[{"taxonomy":"listing_type","embeddable":true,"href":"https:\/\/vb-immobilier.ch\/en\/wp-json\/wp\/v2\/listing_type?post=2297"},{"taxonomy":"property_type","embeddable":true,"href":"https:\/\/vb-immobilier.ch\/en\/wp-json\/wp\/v2\/property_type?post=2297"},{"taxonomy":"no_of_rooms","embeddable":true,"href":"https:\/\/vb-immobilier.ch\/en\/wp-json\/wp\/v2\/no_of_rooms?post=2297"},{"taxonomy":"feature","embeddable":true,"href":"https:\/\/vb-immobilier.ch\/en\/wp-json\/wp\/v2\/feature?post=2297"},{"taxonomy":"orientation","embeddable":true,"href":"https:\/\/vb-immobilier.ch\/en\/wp-json\/wp\/v2\/orientation?post=2297"},{"taxonomy":"locality","embeddable":true,"href":"https:\/\/vb-immobilier.ch\/en\/wp-json\/wp\/v2\/locality?post=2297"},{"taxonomy":"postcode","embeddable":true,"href":"https:\/\/vb-immobilier.ch\/en\/wp-json\/wp\/v2\/postcode?post=2297"},{"taxonomy":"country","embeddable":true,"href":"https:\/\/vb-immobilier.ch\/en\/wp-json\/wp\/v2\/country?post=2297"},{"taxonomy":"listing_status","embeddable":true,"href":"https:\/\/vb-immobilier.ch\/en\/wp-json\/wp\/v2\/listing_status?post=2297"},{"taxonomy":"ra_feature","embeddable":true,"href":"https:\/\/vb-immobilier.ch\/en\/wp-json\/wp\/v2\/ra_feature?post=2297"}],"curies":[{"name":"wp","href":"https:\/\/api.w.org\/{rel}","templated":true}]}}

Immeuble à transformer avec permis de construire

<p>Cette ancienne et vaste demeure, qui fut jadis une école, offre un charme unique et un fort potentiel.</p>
<p>Édifiée sur trois niveaux habitables, elle bénéficie d’un permis de transformation en 4 appartements, en force et inclus dans le prix de vente.</p>
<p>Les appartements prévus sont un studio, deux logements de 4,5 pièces et un grand loft sous l'imposante toiture.</p>
<p>Le bâtiment est classé aux biens culturels (catégorie 2), garantissant la préservation de son authenticité tout en laissant place à un projet de valorisation.</p>
<p>Une opportunité rare pour les amateurs de patrimoine ou les investisseurs à la recherche d’un projet unique.</p>
<h3>Situation et commodités</h3>
<p>La propriété bénéficie d’une situation pratique :</p>
<ul>
<li><strong>Accès autoroutiers</strong> de Châtel-St-Denis ou Vaulruz à env. 7 minutes, reliant aisément Fribourg/Berne, Vevey/Lausanne/Genève ou Montreux/Aigle-Valais.</li>
<li><strong>Halte CFF</strong> de la ligne Bulle–Châtel-St-Denis–Bossonens–Palézieux à proximité.</li>
<li><strong>Centre de Semsales</strong> tout proche, avec commerces de base, cafés-restaurants et administration. Les grands centres commerciaux se trouvent à Châtel-St-Denis.</li>
<li><strong>Écoles</strong> : classes enfantines et primaires à Semsales, puis cycle d’orientation à Châtel-St-Denis.</li>
</ul>
