{"id":2247,"date":"2025-08-11T09:46:06","date_gmt":"2025-08-11T09:46:06","guid":{"rendered":"https:\/\/vb-immobilier.ch\/sales\/chatel-st-denis-1618-3ymr-gr5k\/"},"modified":"2026-04-16T20:11:10","modified_gmt":"2026-04-16T20:11:10","slug":"chatel-saint-denis-1618-3ymr-gr5k","status":"publish","type":"listing","link":"https:\/\/vb-immobilier.ch\/en\/sales\/chatel-saint-denis-1618-3ymr-gr5k\/","title":{"rendered":"Local avec vitrine en plein centre-ville"},"content":{"rendered":"<p>Ce local commercial d'env. 120 m2 se trouve au rez sup\u00e9rieur d'un b\u00e2timent compos\u00e9 de commerces, bureaux et logements. Id\u00e9al comme petit commerce ou local administratif.<\/p>\n<p>Il dispose d'un wc et d'un espace cuisine. De nombreuses vitrines lui donnent une visibilit\u00e9 maximale.<\/p>\n<p>Un local d\u00e9p\u00f4t d'env. 20 m2 au sous-sol est disponible pour le prix de Fr. 45'000.- en compl\u00e9ment du prix de vente.<\/p>\n<p>Chauffage au mazout avec distribution de chaleur par radiateurs.<\/p>\n<p>Ch\u00e2tel-St-Denis, commune appartenant \u00e0 la Veveyse, est id\u00e9alement situ\u00e9e entre Vevey, Bulle et Oron.\u00a0<\/p>\n<p>L'immeuble se trouve en plein coeur de la ville, \u00e0 proximit\u00e9 imm\u00e9diate de toutes les commodit\u00e9s.<\/p>\n","protected":false},"featured_media":0,"template":"","listing_type":[2],"property_type":[138],"no_of_rooms":[4],"feature":[],"orientation":[],"locality":[91,90],"postcode":[326],"country":[9],"listing_status":[10],"ra_feature":[11],"class_list":["post-2247","listing","type-listing","status-publish","hentry","listing_type-buy","property_type-commercial","no_of_rooms-6-rooms","locality-chatel-saint-denis","locality-fribourg","postcode-326","country-ch","listing_status-available","ra_feature-published-on-ra"],"acf":[],"_links":{"self":[{"href":"https:\/\/vb-immobilier.ch\/en\/wp-json\/wp\/v2\/listing\/2247","targetHints":{"allow":["GET"]}}],"collection":[{"href":"https:\/\/vb-immobilier.ch\/en\/wp-json\/wp\/v2\/listing"}],"about":[{"href":"https:\/\/vb-immobilier.ch\/en\/wp-json\/wp\/v2\/types\/listing"}],"wp:attachment":[{"href":"https:\/\/vb-immobilier.ch\/en\/wp-json\/wp\/v2\/media?parent=2247"}],"wp:term":[{"taxonomy":"listing_type","embeddable":true,"href":"https:\/\/vb-immobilier.ch\/en\/wp-json\/wp\/v2\/listing_type?post=2247"},{"taxonomy":"property_type","embeddable":true,"href":"https:\/\/vb-immobilier.ch\/en\/wp-json\/wp\/v2\/property_type?post=2247"},{"taxonomy":"no_of_rooms","embeddable":true,"href":"https:\/\/vb-immobilier.ch\/en\/wp-json\/wp\/v2\/no_of_rooms?post=2247"},{"taxonomy":"feature","embeddable":true,"href":"https:\/\/vb-immobilier.ch\/en\/wp-json\/wp\/v2\/feature?post=2247"},{"taxonomy":"orientation","embeddable":true,"href":"https:\/\/vb-immobilier.ch\/en\/wp-json\/wp\/v2\/orientation?post=2247"},{"taxonomy":"locality","embeddable":true,"href":"https:\/\/vb-immobilier.ch\/en\/wp-json\/wp\/v2\/locality?post=2247"},{"taxonomy":"postcode","embeddable":true,"href":"https:\/\/vb-immobilier.ch\/en\/wp-json\/wp\/v2\/postcode?post=2247"},{"taxonomy":"country","embeddable":true,"href":"https:\/\/vb-immobilier.ch\/en\/wp-json\/wp\/v2\/country?post=2247"},{"taxonomy":"listing_status","embeddable":true,"href":"https:\/\/vb-immobilier.ch\/en\/wp-json\/wp\/v2\/listing_status?post=2247"},{"taxonomy":"ra_feature","embeddable":true,"href":"https:\/\/vb-immobilier.ch\/en\/wp-json\/wp\/v2\/ra_feature?post=2247"}],"curies":[{"name":"wp","href":"https:\/\/api.w.org\/{rel}","templated":true}]}}

<p>Ce local commercial d'env. 120 m2 se trouve au rez supérieur d'un bâtiment composé de commerces, bureaux et logements. Idéal comme petit commerce ou local administratif.</p>
<p>Il dispose d'un wc et d'un espace cuisine. De nombreuses vitrines lui donnent une visibilité maximale.</p>
<p>Un local dépôt d'env. 20 m2 au sous-sol est disponible pour le prix de Fr. 45'000.- en complément du prix de vente.</p>
<p>Chauffage au mazout avec distribution de chaleur par radiateurs.</p>
<p>Châtel-St-Denis, commune appartenant à la Veveyse, est idéalement située entre Vevey, Bulle et Oron. </p>
<p>L'immeuble se trouve en plein coeur de la ville, à proximité immédiate de toutes les commodités.</p>
